e ((-1)/(-1))/((-4)/(-12)). Let r = 0 + o. Suppose m + 4*h + 1 = 9, -m = -h - 3. What is the remainder when m is divided by r?
1
Let v(c) = c**3 - 5*c**2 - 5*c - 5. Let u be v(5). Let o = u + 51. Let k = 33 + o. Calculate the remainder when k is divided by 14.
12
Let f(m) = -31 - 5 + 2*m - 6*m + 0*m. What is the remainder when 10 is divided by f(-10)?
2
Suppose -14*a + 5*a = -36. Let h be (-2)/2*(-3 + 1). Suppose q - h*q + a = 0. What is the remainder when 17 is divided by q?
1
Let p be 65/25 - 6/(-15). Suppose p*s = s + 18. What is the remainder when 24 is divided by s?
6
Let k(u) = 57*u**3 - 3*u**2 + 10*u - 4. Calculate the remainder when k(2) is divided by 66.
64
Let k = 360 - 297. Calculate the remainder when 314 is divided by k.
62
Suppose -4*s = -0*s - p - 32, -4*p - 29 = -5*s. Let h = -45 - -74. What is the remainder when h is divided by s?
2
Let b(h) = 6*h - 2. Let k = 23175 + -23134. What is the remainder when k is divided by b(3)?
9
Let i = -1899 + 1924. What is the remainder when 229 is divided by i?
4
What is the remainder when (5 - 2)*(-403)/(-3) is divided by 29?
26
Let d = -12 + 23. Let r be 15/(-35) + (-3870)/(-14). Suppose -5*w + 4*l + r - 102 = 0, -l = -w + 34. Calculate the remainder when w is divided by d.
5
Let p(i) = 21*i**2 + 4*i + 2. Let g be p(-3). Suppose c + 29 = m, -5*m + c - 34 = -g. What is the remainder when m is divided by 10?
9
Let k(g) = 61*g + 5. Let c be k(-4). Let b = c - -554. Suppose -6*j - 5*s + 253 = -2*j, -5*j = 5*s - b. Calculate the remainder when j is divided by 21.
20
Let t(n) = 4*n + 8*n + 8*n - 22 - 16*n. Calculate the remainder when t(9) is divided by 5.
4
Let t(a) = -a**2 - 6*a - 6. Calculate the remainder when 145 is divided by t(-2).
1
Let k(i) = 2*i**3 - 27*i**2 + 19*i + 5. What is the remainder when 202 is divided by k(13)?
36
Let f = -1 + 5. Suppose 4*h = 2*y + 6*h - 48, -3*y + h = -76. What is the remainder when y is divided by 2/4 + 50/f?
12
Suppose -2*p + 125 = 3*i + 30, -3*p + 5*i + 171 = 0. What is the remainder when p is divided by 29?
23
Suppose 2*f + 5*p - 23 = -4, 0 = -f + 2*p + 14. Let n(k) = 10*k + 2. Let t be n(4). Let s = t + 17. Calculate the remainder when s is divided by f.
11
Let d(k) = 37*k**2 + 15*k + 27. Calculate the remainder when d(-2) is divided by 64.
17
Let k = 4766 - 4756. Let r(h) = h**2 - 3. Calculate the remainder when k is divided by r(3).
4
Suppose 5*z - 20 = 0, -y = -5*z + 3*z + 116. What is the remainder when 4/26 - (-206)/13 is divided by (-6)/8 - y/16?
4
Let j(w) = w**3 - 6*w**2 + 7*w - 1. Suppose 3*q = 4*q + 6. Calculate the remainder when (-147)/q + (-2)/(-4) is divided by j(5).
7
Calculate the remainder when (197/(-2))/(1/(-7 - -5)) is divided by 3.
2
Let s be 10/(-20) + 669/2. Let w = s + -226. Calculate the remainder when w is divided by 22.
20
Let w(x) = -3*x - 2*x + 5*x - 1 - 2*x. Let q be w(-2). Suppose q*k - 2*f - 130 = 82, 2*f - 348 = -5*k. Calculate the remainder when k is divided by 24.
22
Suppose -4*w + 6 = -6. Suppose 5*r - 57 = -m, -4*m = -w*m + 4*r - 57. Let a = 148 - 119. Calculate the remainder when m is divided by a.
28
Suppose -1242 = -199*c + 176*c. Calculate the remainder when 1184 is divided by c.
50
Suppose 5*f - 4*f = -56. Let v = 80 + f. Suppose k = 11*i - 16*i + 43, -4*i - 4*k + 28 = 0. Calculate the remainder when v is divided by i.
6
Suppose 5*n = 2*n - 4*d + 98, -88 = -3*n + d. What is the remainder when 166 is divided by n?
16
Let c(m) = -m**3 + 10*m**2 - 5*m + 7. Calculate the remainder when c(4) is divided by 39.
5
Let f(b) = -22*b - 492. Calculate the remainder when 152 is divided by f(-23).
12
Suppose -3 = o - 11. Let j be 50 + o/(-3 - -7). Suppose 0*s - 4*s = -j. What is the remainder when 49 is divided by s?
10
What is the remainder when 59 is divided by 585/27 - (-4)/3?
13
Let k be (15 + -13 + 2/(-8))*-8. Let n(h) = -h**2 + 3*h - 2. Let t be n(4). Let l = t - k. What is the remainder when 15 is divided by l?
7
Let p = -49 - -54. Suppose -4*n + 79 = 5*o, 0 = -p*o - 5*n + 4*n + 91. Suppose -5*z = -199 - 156. What is the remainder when z is divided by o?
14
Let c be (-174)/1479 - 2*(-2)/34. Suppose 0 = 4*a + 1 - 5. What is the remainder when 10 is divided by -5*a*(-1 - c)?
0
Let r(p) = 2*p**3 - 3*p**2 + 4*p - 3. Let h be r(2). Suppose -8*g + h*g - 6 = -w, -g + 14 = -w. What is the remainder when 16 is divided by g?
6
Let z = -15 - 16. Let o = z + 150. Suppose 81 + o = 4*r. What is the remainder when r is divided by 17?
16
Let g be 0 + -2 + 35/7. Calculate the remainder when 108 is divided by (4 - (g - 2)) + 35.
32
Suppose 11*r - 15*r = -20. What is the remainder when 127 is divided by r?
2
Suppose 13*a - 82 - 87 = 0. What is the remainder when 35 + (-2 - -1) - 0 is divided by a?
8
Let y be -8 - -8 - 28*-1. Suppose 5*h - h - y = 0. Calculate the remainder when 48 is divided by h.
6
Suppose -15*i - 40 = -19*i. What is the remainder when (-34)/(-8)*(14 - i) is divided by 9?
8
Suppose -4*m = 4*q - 744, 523 = 3*m - 6*q + 2*q. Suppose -m + 13 = -8*i. Calculate the remainder when (0 - 30)/(1/(-2)) is divided by i.
18
Let j(s) = 5*s + 12. Let u(t) = -1. Let o(c) = -2*j(c) - 6*u(c). Calculate the remainder when o(-6) is divided by 11.
9
Let w(y) = -3*y**3 - 7*y**2 + 10*y + 29. What is the remainder when w(-4) is divided by 30?
9
Let m(y) = 16*y**2 - y - 2. Let v be m(2). Let w = -32 + v. What is the remainder when 34 is divided by 4 + -6 + w/2?
10
Let j(a) = a - 8. Let w be j(10). Suppose -z = -1, -q + 2*z - z = -11. Calculate the remainder when -4 + (39 - (w - 1)) is divided by q.
10
Let b be 1/2*24/(-18)*-6. Suppose -2*x = -5*i - 8, i = -3*x - 1 + 13. Calculate the remainder when b/7*(-140)/(-8) is divided by x.
2
Suppose 0 = 4*j + 5*c + 10, c + 8 = -3*c. Suppose j = 5*o - 216 + 81. Calculate the remainder when ((-6)/(-4))/(24/848) is divided by o.
26
Let v = -2 - -5. Suppose v*p - 101 = 10. Calculate the remainder when 73 is divided by p.
36
Let q(t) = t**3 + 3*t**2 - 4*t - 1. Let w be q(-4). Let h(m) = -73*m + 1. What is the remainder when h(w) is divided by 19?
17
Suppose 5*z = -2*j - 17 + 3, -z + 2 = 2*j. Suppose -j*l + 10 = 2*l. Calculate the remainder when (23/(-2))/(l/(-4)) is divided by 12.
11
Let r = 47 - 43. Suppose 0 = 4*x - 8, -3*k - r*x + 25 = -2*k. Suppose -2*a + 6 = -2. Calculate the remainder when k is divided by a.
1
Suppose 4*j - 17 = -2*r + 3*r, 3*j + 2*r - 10 = 0. Suppose 23 = j*t + 3. Calculate the remainder when 17 is divided by t.
2
Suppose -z - 3 = -4. Suppose -10 = 5*x - 0*x, 6 = 2*r + 6*x. Calculate the remainder when 25*z + 3/3 is divided by r.
8
Let m(b) = 4*b**2 - 4*b - 1. Let l = -181 + 191. Calculate the remainder when m(-3) is divided by l.
7
Let v(k) = k**3 - 4*k**2 - k - 6. Let h be 3/6*8 + -13. Calculate the remainder when (-1)/(12/(-32))*h/(-1) is divided by v(5).
10
Let f(z) = -2*z**3 - 22*z**2 - 23*z + 15. What is the remainder when 178 is divided by f(-10)?
43
Suppose 5*p + 65 = -40. Let v = -19 - p. Calculate the remainder when 2 - 1 - (-11 + 4) is divided by v.
0
Suppose -64*z - 36 = -65*z. What is the remainder when z is divided by 11?
3
What is the remainder when 118 is divided by 279/(-15)*-2 + (-4)/20?
7
Suppose 0 = -11*t + 173 + 69. Let w(y) = -y - 1. What is the remainder when t is divided by w(-6)?
2
Calculate the remainder when 212 is divided by 3 + 120/(-9)*9/(-5).
23
Let d = 12 + -5. Suppose -2*f + 21 = -3. Calculate the remainder when f is divided by d.
5
Let g = 5 + -1. Let x(t) be the first derivative of t**4/2 - 2*t**3/3 - t**2/2 + 2*t - 140. Calculate the remainder when x(g) is divided by 24.
22
Let u be (5 - 1) + -5 + 6. Suppose -u*t = -2 - 3. Calculate the remainder when 30 is divided by (-63)/(-9) - (-2 + t).
6
Let f = -74 - -72. Calculate the remainder when 39 + (-7)/f*4/7 is divided by 14.
13
Let g be (-1)/5 - (-18148)/65. Let t = -31 - -47. What is the remainder when g*(3 - 0 - (-72)/(-27)) is divided by t?
13
Let m(f) = f + 2. Let l(h) = h. Let w be l(-1). Let a be m(w). Suppose -20 + a = -p. What is the remainder when p is divided by 7?
5
Suppose -5*d + 34*d - 12557 = 0. Calculate the remainder when d is divided by 26.
17
Suppose 4*n + 5*h - 14 = 0, -n - 4*h = n - 10. Calculate the remainder when 40 is divided by (n - (-45)/(-10))*(-6 + 2).
12
Let f(v) = -v**